the units digit of v?
4
Let l = 7 + -12. Let m be -3 + l/(-2 + 1). Suppose 0 = -y - m*f + 7, -35 = -4*y + f - 2*f. What is the units digit of y?
9
Let q = -24 + 13. Let d = q - -4. Let a(r) = -r**3 - 8*r**2 - 8*r - 1. What is the units digit of a(d)?
6
Suppose -2*s - 186 = -4*x + 2*x, -5*s = -4*x + 370. What is the units digit of x?
5
Suppose -5*d + a = -4, 5*a - 2*a + 12 = 0. Suppose d = -2*m + 23 + 9. What is the units digit of (m/(-4))/(-1 - 1)?
2
Suppose 4*c + 0*c = 0. Suppose -4*o + 75 = q, 2*o = 7*o - 2*q - 110. Suppose 4*j + c*j = o. What is the units digit of j?
5
Suppose -4*p - 9 = 19. Let v(u) = -u**3 - 7*u**2 - 2*u - 8. What is the units digit of v(p)?
6
Let s = 8 + -3. Suppose -6 = 3*q, -2*q = -s*l + 16 + 103. What is the units digit of l?
3
Let f(g) = -28*g**3 - g**2 - 2*g - 1. What is the tens digit of f(-1)?
2
Suppose 5*n = 2*w + 289, 0*n - 3*n - 2*w + 167 = 0. What is the tens digit of n?
5
Let p = 20 + -11. Suppose 0 = -p*t + 4*t - 40. Let w = t + 11. What is the units digit of w?
3
Let w(j) = -j**2 + 3*j + 1. Let s be w(2). Let y = 14 - s. What is the units digit of y?
1
Suppose 4*p = -2*n + 26, 0 = -5*n - 0*p - 5*p + 90. What is the tens digit of n?
2
Let p be (-1 + -5)/((-3)/8). What is the tens digit of (p/(-20))/(4/(-70))?
1
Let i = -36 + 60. Let m = i + -10. What is the tens digit of m?
1
Suppose -3*i + 13 = -17. Let w(v) = v**2 - 10*v + 2. Let b be w(i). Suppose 0 = o - 4*a - 12, -17 - b = -2*o + 3*a. What is the units digit of o?
8
Let i = 12 + -19. Let o(j) = -18*j. Let q be o(1). Let b = i - q. What is the tens digit of b?
1
Let h be (-36)/30*(-20)/6. Suppose -3*w = 2*f - 95, 5*f - 132 = -h*w + f. What is the tens digit of w?
2
Suppose -2*k + 5*k - c = -13, 3*k + c = -11. What is the tens digit of -3 - k/((-8)/(-30))?
1
Suppose 0*j - 3*j - 3*m + 3 = 0, -4*j - 3*m + 7 = 0. Suppose -j*w - 23 = -71. What is the tens digit of w?
1
Let n(h) = 4*h**3 + 5*h**3 - 2*h + 0*h + h. Let j be n(1). Suppose -4*p = -0*p - j. What is the units digit of p?
2
Let g be 1 + 0 + (-10 - -1). Suppose -4*r - j = -0 + 12, 6 = -5*r + j. What is the units digit of r/((g/10)/2)?
5
Suppose 0*y - 17 = -4*p - 3*y, 4*y + 4 = 0. Suppose -p*g + 68 = -102. What is the units digit of g?
4
What is the units digit of (11*(-2)/4)/((-4)/8)?
1
Let v(g) = -g + 2. Let w be v(-2). Suppose -4*m + 33 = -87. Suppose -z - w*z = -m. What is the units digit of z?
6
Let h be (-2 - (-14)/2) + 2. Let n(g) = h - g**3 - 9*g**2 - 7 - 9*g. What is the units digit of n(-8)?
8
What is the units digit of (-1 + -6)/(-1) - -1?
8
Let f(l) = -l**3 - 5*l**2 - 4*l - 3. Let x be f(-4). Let d = x + 14. What is the units digit of d?
1
Suppose 5*h - 25 = -0*h. Suppose -157 = -4*n - 3*v, -3*n - h*v = n - 163. What is the units digit of n?
7
Suppose -2*c + 42 + 122 = 4*h, -3*h = 2*c - 163. Suppose 1 = -u - 6*k + 4*k, 3*u = -k + 12. Suppose -c = -0*x - u*x. What is the tens digit of x?
1
Let k(v) = v**3 + 6*v**2 - v - 4. Let d be k(-6). Let z(n) = n**3 + n**2 - 2*n - 1. What is the units digit of z(d)?
7
Let k be 6/8*4*1. Suppose 5*h + 2*p = -3*p + 5, -h - k*p = 5. What is the units digit of h?
4
Suppose -h = -0*h. What is the tens digit of 18 - (3 - 0) - h?
1
Suppose 6 = 6*a - 366. What is the units digit of a?
2
Suppose -3*s + 2 = -238. Let m be 4*(-1)/(-10)*s. Suppose -2*n + m = 2*n. What is the units digit of n?
8
Suppose u = 16 - 4. What is the tens digit of u?
1
Suppose -580 = -n - 3*n. What is the units digit of n?
5
Suppose 0 = 2*d - 30 - 80. What is the tens digit of d?
5
Let o be (-4)/8*-4*2. Suppose -4*d = -5*k + 167, -2*k = -o*k - 5*d + 47. What is the tens digit of k?
3
Let b(q) = -4 + 11*q + 3 + 0 - 1. Let r be b(2). Suppose 3*w - r = -w. What is the units digit of w?
5
Let w be ((-18)/30)/(2/10). What is the units digit of w - (-1 - -1) - -21?
8
Let j = 1 - 6. Let g be (-33)/(-4 + 1) + 1. Let p = g + j. What is the units digit of p?
7
Let i(j) = -j**3 + 13*j**2 + 18*j - 10. What is the tens digit of i(14)?
4
Let n(s) = 4*s**2 + 5*s - 3. What is the tens digit of n(3)?
4
Suppose 2*s = s + 92. What is the units digit of s?
2
Let g = -16 + -15. What is the tens digit of 3 + (-4 - -3)*g?
3
Let b be 2 + 4/((-12)/(-219)). Suppose -q = 4*q - b. What is the units digit of (0 - -2) + -1 + q?
6
Suppose 2*r + 3*p - 1 - 2 = 0, -5*p - 7 = 2*r. Suppose r*h - 4*h = 70. What is the tens digit of h?
1
Suppose -188 = -4*d + 48. What is the tens digit of d?
5
Let w(b) = b**3 - 16*b**2 + 16*b - 1. What is the units digit of w(15)?
4
Suppose -4*f = -f - 9. Let c(a) = -a**3 + 3*a**2 + a - 3. Let t be c(f). Let r = t - -3. What is the units digit of r?
3
Let h(c) = 11*c - 32. Let k(a) = -5*a + 16. Let v(m) = -6*h(m) - 13*k(m). Let d be v(-9). Let j = 11 + d. What is the units digit of j?
4
Suppose 7*u + 6 = 4*u, -4*w = -u - 26. Let j be (w/8)/(1/(-4)). What is the units digit of ((-2)/j)/(8/108)?
9
Let s(d) = -d**2 - 2*d - 1. Let y be s(-3). What is the units digit of (104/(-10))/(y/10)?
6
Suppose -2*r = -4*u + 126, 0*u - 4*u + 161 = 5*r. What is the units digit of u?
4
Suppose -14 = -3*v + 34. Let x = 41 - v. What is the tens digit of x?
2
Let k(s) = -s**3 - 2. Let z be k(-2). Let d = 5 + z. What is the tens digit of d?
1
Let q(w) = w + 15. Let f = -12 - 1. What is the units digit of q(f)?
2
Let f = -5 - -7. Suppose 0 = y - f*y - 21. Let g = -9 - y. What is the tens digit of g?
1
Let q(n) = n - 7. Let f be q(11). Suppose g = f*g - 21. Let z(i) = -i + 11. What is the units digit of z(g)?
4
Let m = 9 - 12. Let b = 4 - m. What is the units digit of b?
7
Let q(c) be the first derivative of -c**2/2 + 1. Let f be q(-2). What is the units digit of (-12)/(1/f*-3)?
8
Let m(j) be the first derivative of 9*j**4/2 - j**2/2 + j + 1. What is the units digit of m(1)?
8
Let z(i) = 6*i. Let q(t) = -t. Let r(u) = -5*q(u) - z(u). What is the units digit of r(-9)?
9
Let v(w) = -w**3 + 9*w**2 - 8*w - 3. Let p be v(8). Let s = 0 - p. Suppose -47 = -s*t - 2. What is the units digit of t?
5
Let d be 3 - (-5)/(10/12). Suppose -d = -r - 0. What is the units digit of r?
9
Let i = 529 - 242. What is the units digit of i?
7
Let l = -21 - -60. What is the units digit of l?
9
Let f(y) be the third derivative of y**4/24 - 5*y**3/2 + 2*y**2. Let r be f(11). What is the units digit of -14*(10/r + 2)?
7
Let u be (-1)/(1/6) - -3. Let q(i) = i**2 - 3*i - 3. What is the tens digit of q(u)?
1
Suppose -4*u = -2*u. Suppose 10 = -2*t, -n + u*t = -2*t - 14. What is the units digit of n?
4
Let z(b) = -2. Let u(j) = -j - 2. Let r(h) = 2*u(h) - 3*z(h). What is the units digit of r(-3)?
8
Let q(u) = -u**3 + 6*u**2 - 2*u - 6. Suppose -5*v + 5 = -4*v. Suppose 0 = m - 0*m - v. What is the units digit of q(m)?
9
Let a(b) = -8 - 1 + 8 - 3*b. Let p(t) = -t**3 + 2*t**2 - 4*t + 3. Let g be p(2). What is the units digit of a(g)?
4
Suppose 4*i - 16 = 4. Suppose x + 4*z = 2, 0 = i*x + z - 2*z - 52. What is the units digit of x?
0
Let i(z) = -z**2 + 22*z - 30. What is the tens digit of i(14)?
8
Suppose 3*l - 18 = 6. What is the units digit of l?
8
Suppose 3*q + 2*q - 165 = 0. Let m = q + -18. What is the tens digit of m?
1
Let f = -21 - -21. Suppose f = -2*p - 2*p + 68. What is the units digit of p?
7
Let i(t) = -2*t - 5. Let u = 16 - 26. Let z = u + 6. What is the units digit of i(z)?
3
Suppose 0 = -4*i + 5*i - 3. Suppose 2*k + i = 5. What is the units digit of k?
1
Let b = 0 - -1. Suppose 0*a + 5*r - 4 = 3*a, -r = 4*a - 10. What is the units digit of b + -1 + 3 - a?
1
Suppose 0 = -8*g + 3*g. Suppose 4*b - b - 3*k - 75 = 0, 65 = 3*b - k. Suppose g = -0*z + 2*z - b. What is the tens digit of z?
1
Let m(f) = f**2 - 8*f + 10. Let i be m(7). Suppose -i*z = -z - 30. What is the units digit of z?
5
Suppose 464 = 2*f + 34. What is the hundreds digit of f?
2
Suppose 20 = -0*h + 2*h. Suppose 5 = -3*l - 4. Let z = h + l. What is the units digit of z?
7
Let m(f) = -2*f - 2*f + 7 + 8*f. What is the units digit of m(4)?
3
Let n(t) = -6*t + 4. Let s(m) be the third derivative of 5*m**4/24 - m**3/2 - 3*m**2. Let o(r) = 4*n(r) + 5*s(r). What is the units digit of o(6)?
7
What is the units digit of (1 - 5)*(-58)/4?
8
Suppose -5*g + 407 = 5*l + 32, 0 = g + 2*l - 73. What is the tens digit of g?
7
Let v = 6 - 7. Suppose -3*c + 3*m - 10 = -m, 2*c - 2*m + 4 = 0. Let k 